the thousands digit of 155296566?
6
What is the hundreds digit of 58329339?
3
What is the hundred thousands digit of 5322669725?
6
What is the ten millions digit of 18711164?
1
What is the hundreds digit of 205515790?
7
What is the units digit of 122466465?
5
What is the ten thousands digit of 77215540?
1
What is the hundred millions digit of 3165510354?
1
What is the billions digit of 1327557540?
1
What is the millions digit of 3649767233?
9
What is the ten millions digit of 1157074794?
5
What is the thousands digit of 12400651?
0
What is the ten millions digit of 50274218?
5
What is the millions digit of 6141086247?
1
What is the millions digit of 29125317?
9
What is the millions digit of 900402909?
0
What is the tens digit of 882632203?
0
What is the ten millions digit of 285941699?
8
What is the hundreds digit of 919980426?
4
What is the thousands digit of 26982020?
2
What is the thousands digit of 143593566?
3
What is the hundred thousands digit of 2769522439?
5
What is the units digit of 1393040166?
6
What is the billions digit of 1467472119?
1
What is the hundred millions digit of 1635005799?
6
What is the tens digit of 230604502?
0
What is the ten millions digit of 463554559?
6
What is the hundreds digit of 29673346?
3
What is the ten millions digit of 14509480?
1
What is the thousands digit of 203339068?
9
What is the billions digit of 3931645566?
3
What is the ten thousands digit of 26334638?
3
What is the hundreds digit of 28506799?
7
What is the hundred thousands digit of 73807430?
8
What is the ten millions digit of 21757898?
2
What is the hundred thousands digit of 20591819?
5
What is the billions digit of 1670206570?
1
What is the hundred millions digit of 3100241787?
1
What is the tens digit of 1503695973?
7
What is the hundred thousands digit of 77196751?
1
What is the tens digit of 38266522?
2
What is the hundred thousands digit of 52150620?
1
What is the ten thousands digit of 3325226?
2
What is the tens digit of 81263959?
5
What is the billions digit of 3889118411?
3
What is the millions digit of 49066910?
9
What is the thousands digit of 22051702?
1
What is the millions digit of 31613989?
1
What is the ten thousands digit of 8377139?
7
What is the millions digit of 611246574?
1
What is the hundreds digit of 247468322?
3
What is the thousands digit of 100577427?
7
What is the hundred millions digit of 129705522?
1
What is the ten millions digit of 58161710?
5
What is the tens digit of 914436830?
3
What is the ten thousands digit of 109320837?
2
What is the thousands digit of 2244880928?
0
What is the units digit of 158083862?
2
What is the tens digit of 364015320?
2
What is the ten millions digit of 561062873?
6
What is the units digit of 202354872?
2
What is the hundred millions digit of 148361025?
1
What is the hundred millions digit of 1154192770?
1
What is the units digit of 17482848?
8
What is the ten millions digit of 14916206?
1
What is the hundreds digit of 2430004347?
3
What is the hundreds digit of 3154761525?
5
What is the ten millions digit of 159228323?
5
What is the hundred millions digit of 196815745?
1
What is the hundreds digit of 1048427039?
0
What is the thousands digit of 52200429?
0
What is the thousands digit of 6089622140?
2
What is the hundred thousands digit of 1986241659?
2
What is the tens digit of 85812280?
8
What is the thousands digit of 3105479519?
9
What is the hundred thousands digit of 746370388?
3
What is the ten thousands digit of 179451029?
5
What is the thousands digit of 730987929?
7
What is the thousands digit of 39839778?
9
What is the tens digit of 5358450568?
6
What is the hundred millions digit of 593081188?
5
What is the tens digit of 2769146350?
5
What is the units digit of 11355083?
3
What is the hundred thousands digit of 116493517?
4
What is the thousands digit of 37748067?
8
What is the hundreds digit of 340706875?
8
What is the hundred millions digit of 607409432?
6
What is the hundreds digit of 30084191?
1
What is the tens digit of 903042840?
4
What is the ten millions digit of 1046311142?
4
What is the ten thousands digit of 784827384?
2
What is the millions digit of 51800773?
1
What is the hundreds digit of 328691454?
4
What is the millions digit of 28940969?
8
What is the millions digit of 2347908?
2
What is the tens digit of 4478485?
8
What is the units digit of 53795678?
8
What is the thousands digit of 153593033?
3
What is the thousands digit of 7908479?
8
What is the millions digit of 227803344?
7
What is the thousands digit of 397973868?
3
What is the units digit of 83669059?
9
What is the hundred thousands digit of 4019486639?
4
What is the ten thousands digit of 912729037?
2
What is the ten thousands digit of 30975360?
7
What is the hundred millions digit of 150153529?
1
What is the ten thousands digit of 99680421?
8
What is the ten millions digit of 153118169?
5
What is the billions digit of 1248406802?
1
What is the tens digit of 574308443?
4
What is the units digit of 5127182?
2
What is the ten thousands digit of 30203596?
0
What is the hundreds digit of 76700117?
1
What is the millions digit of 180867947?
0
What is the hundred millions digit of 3282922652?
2
What is the tens digit of 75024220?
2
What is the ten millions digit of 124390710?
2
What is the tens digit of 4880891625?
2
What is the units digit of 24323678?
8
What is the ten millions digit of 2050274593?
5
What is the tens digit of 103315213?
1
What is the hundreds digit of 5850992928?
9
What is the tens digit of 267438328?
2
What is the millions digit of 90258558?
0
What is the hundred thousands digit of 97407286?
4
What is the hundred millions digit of 1189453890?
1
What is the hundred thousands digit of 1436894398?
8
What is the thousands digit of 3145819161?
9
What is the units digit of 36599834?
4
What is the millions digit of 695265062?
5
What is the units digit of 397660083?
3
What is the ten millions digit of 70754387?
7
What is the ten thousands digit of 308547004?
4
What is the hundred thousands digit of 157278946?
2
What is the units digit of 6525463412?
2
What is the ten millions digit of 261470322?
6
What is the millions digit of 34675084?
4
What is the tens digit of 1832566093?
9
What is the ten thousands digit of 123201245?
0
What is the ten thousands digit of 481027526?
2
What is the hundred thousands digit of 106352162?
3
What is the hundred thousands digit of 5471286006?
2
What is the units digit of 28145535?
5
What is the thousands digit of 146445230?
5
What is the tens digit of 43160880?
8
What is the hundreds digit of 1248262204?
2
What is the thousands digit of 228337440?
7
What is the ten millions digit of 1367097801?
6
What is the ten thousands digit of 378481531?
8
What is the thousands digit of 499678824?
8
What is the tens digit of 2080504122?
2
What is the ten millions digit of 3240349976?
4
What is the tens digit of 106784174?
7
What is the thousands digit of 854668212?
8
What is the ten thousands digit of 1051628142?
2
What is the millions digit of 383246785?
3
What is the hundreds digit of 91139618?
6
What is the ten thousands digit of 105084675?
8
What is the thousands digit of 49388343?
8
What is the units digit of 3088094488?
8
What is the hundred millions digit of 262248697?
2
What is the billions digit of 8408642183?
8
What is the ten thousands digit of 9139731?
3
What is the millions digit of 3148560296?
8
What is the millions digit of 71600130?
1
What is the millions digit of 162015542?
2
What is the ten thousands digit of 91653383?
5
What is the tens digit of 173883081?
8
What is the ten thousands digit of 29624268?
2
What is the ten millions digit of 361339395?
6
What is the hundred thousands digit of 855063595?
0
What is the millions digit of 113827783?
3
What is the hundred thousands digit of 1619093434?
0
What is the ten millions digit of 1911859244?
1
What is the ten thousands digit of 183311150?
1
What is the hundreds digit of 6440507230?
2
What is the ten millions digit of 23364641?
2
What is the billions digit of 2064841519?
2
What is the millions digit of 66046752?
6
What is the thousands digit of 812683989?
3
What is the units digit of 4906373916?
6
What is the tens digit of 1823174390?
9
What is the thousands digit of 119424549?
4
What is the bi